+ 14384. Let o = -465 - p. Is o composite?
True
Let o = 24912 + -16113. Let d = o + -3968. Is d a composite number?
False
Let t(h) = 108*h**2 + 118*h + 2225. Is t(-91) a composite number?
True
Let d = 197 + -194. Suppose -10*j - 1292 = -12*j + 2*a, d*a + 3236 = 5*j. Is j a composite number?
True
Suppose 58*a = 638327 + 953715. Is a a prime number?
True
Let q(h) = h**3 - 2*h**2 + 9*h - 13. Let w be q(2). Let s be (6195/w)/3 - 0. Let x = 736 - s. Is x prime?
False
Let j(g) = 169*g**2 + 23*g - 113. Let a = 27 - 20. Is j(a) a prime number?
True
Let f be 3 + (-3)/(-1)*(3 + -4). Suppose f*t + 4*t = u - 9607, 5*t = -5*u + 47910. Is u a prime number?
True
Suppose -14*o = 52546 - 148166. Is -10 + o + (1 - -2) a prime number?
True
Let f(y) = -y + 44. Let g be f(26). Suppose 0 = -x - g*n + 14*n + 293, -2*x + 3*n + 586 = 0. Is x prime?
True
Let t(w) = -w + 22. Let m be t(18). Let x = -19 + 11. Is (472 - -1) + m + x prime?
False
Let l(f) = -10 + 15*f**2 - f**3 - 1 + 5*f + 10 + 11*f. Let j be l(16). Is (j/1)/(-1*(-1)/(-745)) composite?
True
Suppose -8*o = -104 - 32. Let s(b) = 2*b**3 - o*b - 14*b**2 - 3*b**3 - 3 - 24. Is s(-14) composite?
False
Let x = 596 - 704. Is (-1)/(-3) - 2363328/x composite?
True
Let u(n) = 2*n**2 - 43*n + 21. Let x be u(21). Suppose -g + 2145 = -0*g - 3*l, -g + l + 2147 = x. Suppose 0*w = 4*w - g. Is w a prime number?
False
Let c = 4 + -9. Suppose 459*t - 476*t = -3961. Is t - (c - (-6 + 3)) a composite number?
True
Let i(c) = -33*c - 72. Let l(v) = 11*v + 24. Let q(d) = -6*i(d) - 17*l(d). Let b be (-6 - -1)*(-44 - -43). Is q(b) a prime number?
True
Suppose -6*d + 637 - 145 = 0. Let c = d + -72. Suppose -4*f = -c*f + 8466. Is f a prime number?
False
Let z(d) be the third derivative of 23*d**5/30 - 4*d**4/3 + 89*d**3/6 + 308*d**2. Is z(23) composite?
False
Let f = -155 + 159. Let s(l) = -2 - 3 + 114*l + 4 + 606*l. Is s(f) a prime number?
True
Let k(m) = 4*m**2 + 6*m + 72. Let t be k(0). Is ((-2017)/4)/((-9)/t) a composite number?
True
Let y(k) = -k**3 + 3*k**2 + 6*k - 3. Let t be y(4). Suppose 6*c - t*c = 3. Suppose -4*q = c*j - 1527, -5*q - j = -1618 - 288. Is q a composite number?
True
Suppose -2*a + 32*n = 35*n + 5, -2*n - 4 = a. Suppose -2*k + 11754 = a*b, -75*b - 2*k - 11762 = -77*b. Is b prime?
True
Let w(z) = -3*z**3 + 224*z**2 + 318*z + 62. Is w(76) a prime number?
False
Suppose 0 = 16*d - 23*d. Suppose 320*w - 321*w + 407 = d. Is w a composite number?
True
Let p(x) = 12 + 15 - 28 + 28*x + 12. Suppose -3 - 23 = -4*y + 2*l, -5*y = 2*l - 55. Is p(y) composite?
False
Let x = 170 - 176. Is 27685/21 - 4/x a composite number?
False
Suppose -42*m + 46*m = 3*w - 77445, -3*w - m + 77460 = 0. Is w composite?
False
Suppose -31*d + 85643 = -235331. Let w = -2361 + d. Is w a prime number?
True
Let t(z) = 13 + 410*z - 586*z - 98. Is t(-28) a composite number?
True
Let t(h) = 2*h**2 - 48*h + 141. Is t(44) a composite number?
False
Let l(t) = -6*t + 33. Let o be l(5). Suppose -2*x + x - 4*j = -1459, 4327 = o*x + 2*j. Is x composite?
False
Let k(w) = 36*w - 151. Let l be k(6). Suppose -l*v + 164504 = -57*v. Is v a prime number?
True
Suppose 7*w + 17*w = 10*w + 1671838. Is w a prime number?
True
Suppose -27*b = -34*b - 42959. Let p = -3710 - b. Is p prime?
False
Is (-14)/21*101502/(-12) a composite number?
False
Let p = 1182 + 1447. Suppose -3*c - 720 + 8567 = -u, -p = -c - 3*u. Is c prime?
True
Let a(b) = 2*b - 7. Let s be a(6). Let k = 11769 - 1488. Suppose 2*p - s*p = -k. Is p a prime number?
False
Let a = 2679 - -17618. Is a composite?
False
Let i(u) = -1065*u + 1349. Is i(-26) a composite number?
True
Let x = -1400727 + 2521528. Is x a prime number?
False
Let r(j) = 19*j**3 - 131*j**2 - 54*j - 36. Let s(t) = -5*t**3 + 33*t**2 + 13*t + 9. Let v(x) = -2*r(x) - 9*s(x). Is v(10) a prime number?
False
Suppose -11*h - 8 = -12*h. Let f(z) = -3 + 4*z - z - 4*z**2 + 205*z**3 - h - 210*z**3. Is f(-4) composite?
False
Suppose 22*u = 1852763 + 965415. Is u composite?
False
Let k(v) = -v**3 + 8*v**2 + 8*v + 2. Suppose -2*r + 5*y - 2 = -5*r, r = -3*y - 6. Let f be k(r). Let b(m) = -50*m - 3. Is b(f) a prime number?
True
Suppose 61234060 = 6*f + 24*f - 48466370. Is f composite?
True
Suppose 59*o + 59*o - 88618 = 0. Is o a composite number?
False
Is -3*(-901628)/30 - ((-152)/(-40) + -4) prime?
True
Let x(n) = -9*n - 11. Let g be x(-3). Suppose g*m + 20 = 14*m. Is (-4494)/m + 24/(-60) prime?
True
Let r(s) = -1938*s**3 - s**2 + 1. Let x be r(-1). Suppose 0 = -5*q + p - 1437, 5*q - 429*p + 426*p = -1441. Let u = q + x. Is u prime?
False
Let d be (180/42)/1 + (-6)/21. Suppose -38920 = -5*j + 5*o, -d*j = -2*o - 6895 - 24251. Is j a composite number?
False
Is (4 + (-3391116)/(-8))/((-1)/(-8)*4) a composite number?
False
Let f = 20911 - -5542. Suppose 43*i - 36*i = f. Is i composite?
False
Is ((-1859756)/(-20))/(11 + 270/(-25)) a prime number?
True
Let o(f) = f**3 - 10*f**2 + 50*f + 26. Is o(15) prime?
True
Is (-8308915)/(-165) + (-8)/132 a prime number?
False
Is (429/132 + -4)/((-1)/((-968788)/(-3))) composite?
False
Suppose -289254 = -2*z - 2*c, 144621 = z - 648*c + 652*c. Is z a prime number?
True
Let o = 2023 - 6457. Let g = 8687 + o. Is g a composite number?
False
Let h(d) = 27*d**3 - 3*d**2 + 3*d - 3. Let l = -68 - -74. Is h(l) prime?
False
Is 5072 - (-15 - (4 - (1 + 11))) composite?
True
Suppose 0 = -6*c + 2*c - 4*o - 108, 0 = -2*c - 5*o - 48. Let j = c + 2658. Is j prime?
False
Suppose q = -q + 12. Let u be ((-2)/(16/10))/(q/(-3336)). Suppose 3*k - 8*k = -u. Is k a composite number?
False
Let x = -286511 + 482340. Is x prime?
False
Let g(q) = 14*q**2 - 3*q - 36. Let z be g(-14). Suppose -z = -7*w + 5951. Is w composite?
True
Let f(r) = -12354*r + 161. Let w(i) = -24704*i + 321. Let a(j) = -7*f(j) + 4*w(j). Is a(-3) prime?
True
Is 21147 - (-9*10/30 + -1*1) prime?
False
Let b(i) = 2*i - 1. Let p be b(2). Let v be (7/21)/((-1)/p). Is v/((-1371)/(-1374) - 1) prime?
False
Let b(s) = -17 - s**3 + s**3 + 18*s**3 - 18*s + 56*s**3 + 12*s**2. Is b(6) a composite number?
True
Let x be (-210)/30 + 3 + 4. Suppose 4 = -4*n, -37*c + 33*c + n + 74013 = x. Is c prime?
True
Let v(h) = -2*h**3 - 39*h**2 + 50*h + 577. Is v(-34) composite?
False
Let s = -607513 + 1014462. Is s prime?
False
Let s(q) = 2510*q + 107. Is s(6) a composite number?
True
Let y(q) = -182727*q - 4555. Is y(-6) a composite number?
False
Let p be (-2)/(-10)*4*(-60)/(-24). Suppose -p*l + 989 + 1725 = 0. Is l composite?
True
Suppose 4*q - 3*d - 338089 = 316023, -3*q = 6*d - 490617. Is q a prime number?
False
Suppose 315 - 300 = -5*r, 0 = 4*a - 3*r - 80981. Is a a composite number?
True
Suppose 0 = -3*n - 2*n + 5*a + 1065730, 6*n + 4*a - 1278906 = 0. Is n a prime number?
True
Suppose 58*h = 61*h + 18. Let y(z) = -15 - 9*z - 34*z - 19*z + 52. Is y(h) prime?
True
Let z(j) = j**2 + 80*j + 61. Let i be z(-34). Let k = i - -4018. Is k composite?
True
Suppose -5*j + 515 = 3*o + 19, o = 2*j - 194. Suppose 5*a + 6*n - 3*n = 116, -5*n + j = 4*a. Suppose s - 535 = a. Is s a prime number?
True
Let v(o) = -1083*o + 81. Let f be v(-8). Suppose -f = -12*y - 3*y. Is y prime?
False
Let o(w) = -52*w**3 - w**2 + 5*w - 11. Let j be o(-4). Let s = 896 + j. Is s composite?
False
Let w = -751789 - -1258380. Is w a prime number?
True
Let h = -25 + 27. Suppose h*d - 7*d = -100. Is (2498/5)/(8/d) composite?
False
Suppose 15*v - 32*v = -1196579. Is v prime?
False
Let i = 413 - 408. Suppose -i*w + 3*w = -1346. Is w a prime number?
True
Let k be (-39)/312 - 263250/(-16). Suppose 0 = 5*n + 20, -5*z - 3*n + 0*n = -k. Is z composite?
True
Let h(p) be the first derivative of -17 + 14/3*p**3 - 18*p - 5/2*p**2. Is h(-11) a prime number?
False
Let m = 269036 - -112623. Is m a composite number?
False
Let l(i) = -50*i - 243. Let m = 312 - 325. Is l(m) prime?
False
Let v(i) = i**3 + 7*i**2 + 5*i + 6. Let o be v(-6). Is (-4)/o + 88488/27 composite?
True
Suppose 22*q + 2948 = 26*q. Suppose 0 = x + 4*p - 738, -x + p - 4*p = -q. Is x a prime number?
False
Let o be 2/7 + 52530/238. Let z = 318 - o. Is z a prime number?
True
Is (20 - 3) + -12 + 413*124 a composite number?
False
Let h be (6 + 0)*44/8. Suppose -h*d + 27104 = -583. Is d a composite number?
False
Let v(f) = 2*f - 15 + 28 - f. Let y be v(-10). Let i(d) = 156*d**2 - 4*d + 5. Is i(y)